etermine m(11).
12
Let f(w) = w**3 + 23*w**2 - 21*w + 69. Give f(-24).
-3
Let b(m) = m**2 + 6*m + 2. What is b(-9)?
29
Let w(i) = -4*i**3 + i**2 + 25*i + 25. Calculate w(-1).
5
Let n(s) = 2*s**2 + 3*s - 2. Give n(-3).
7
Let r(c) = 5*c + 21. Give r(4).
41
Let c(y) = -8*y + 40. Give c(5).
0
Let o(l) = -l**3 - 3. Calculate o(-3).
24
Let z(t) = t**3 + 3*t**2 - 3*t + 3. What is z(0)?
3
Let j(o) = 19*o**3 + 2*o + 1. What is j(-1)?
-20
Let z(j) = j**2 + 16*j + 5. What is z(-8)?
-59
Let m(b) = 8*b + 44. Determine m(0).
44
Let z(o) = -o**3 - 2*o**2 + 7. Give z(-2).
7
Let v(t) = -2*t**3 - 14*t**2 - t - 17. Give v(-7).
-10
Let b(y) = y**3 - y**2 + y - 55. What is b(0)?
-55
Let j(y) = -y**3 - 9*y**2 - 10*y - 4. Calculate j(-6).
-52
Let x(a) = -a**3 + 17*a**2 - 18*a + 21. What is x(16)?
-11
Let y(u) = -2*u - 9. What is y(-11)?
13
Let z(p) = -4*p**2 - 6*p + 32. What is z(-5)?
-38
Let f(w) = -w**2 - 22*w + 6. What is f(-17)?
91
Let t(n) = n**2 - 26*n - 158. Determine t(-6).
34
Let s(g) = -g**2 - 16*g - 49. Determine s(-11).
6
Let x(g) = g**3 - 37*g**2 + 34*g + 39. Determine x(36).
-33
Let q(d) = -2*d**2 - 11*d - 20. Calculate q(-3).
-5
Let f(m) = m**2 + 14*m - 3. Calculate f(-14).
-3
Let h(r) = r**2 - 73*r - 144. Give h(-2).
6
Let z(b) = b**3 - 22*b**2 + 2*b - 32. Give z(22).
12
Let i(m) = m**2 - 6*m - 358. What is i(-16)?
-6
Let a(b) = -b**3 - 7*b + 23. Determine a(0).
23
Let u(k) = 2*k**3 + 11*k**2 - k - 12. Give u(-5).
18
Let h(g) = -g**3 - 16*g**2 - 31*g + 13. Calculate h(-14).
55
Let h(r) = -r**3 - 2*r**2 + 8*r + 13. Give h(-6).
109
Let n(b) = -2*b**2 - 12*b + 97. Give n(-11).
-13
Let f(a) = 9*a**2 + a - 5. What is f(3)?
79
Let x(v) = 30*v + 24. Determine x(-2).
-36
Let i(k) = -k**3 + k**2 - 2*k + 7. Determine i(0).
7
Let d(q) = -16*q - 201. Determine d(-13).
7
Let w(g) = g**3 - 10*g**2 + 10*g - 7. Determine w(9).
2
Let f(o) = -17*o - 4. Give f(-2).
30
Let m(b) = b**3 + 13*b**2 + 19*b - 24. Calculate m(-11).
9
Let a(k) = -k**3 + 14*k**2 + k + 2. Calculate a(14).
16
Let z(m) = 4*m**3 + 4*m**2 + 3*m + 8. What is z(0)?
8
Let t(m) = -m**3 + 19*m**2 - 17*m - 2. Determine t(18).
16
Let o(v) = -2*v**2 + 8*v + 27. What is o(-3)?
-15
Let v(j) = -j - 1. Calculate v(0).
-1
Let r(l) = 2*l**2 - 40*l - 147. Determine r(23).
-9
Let m(p) = -p**2 + 13*p - 8. Determine m(9).
28
Let m(s) = -3*s**2 - 16*s. Determine m(-2).
20
Let u(n) = n**3 - 24*n**2 + 38*n + 75. Give u(22).
-57
Let z(o) = -2*o**2 + 2*o. Give z(2).
-4
Let z(q) = -q**2 + 14*q - 47. Determine z(6).
1
Let l(o) = -3*o**2 + 28*o - 5. Give l(10).
-25
Let x(d) = -2*d**2 + 20*d - 1. Give x(7).
41
Let z(a) = -40*a + 481. Give z(12).
1
Let n(v) = -v**3 - v**2 + 18*v - 12. What is n(-5)?
-2
Let p(n) = -n + 10. Determine p(12).
-2
Let z(c) = -c**3 + 5*c**2 - 2*c. What is z(5)?
-10
Let o(l) = l**3 - 6*l**2 - 2*l - 28. Determine o(7).
7
Let d(s) = -3*s**3 + 3*s**2 + 2*s. Give d(-2).
32
Let t(h) = -4*h**2 - 3. What is t(-5)?
-103
Let m(h) = -h**2 - h + 23. Determine m(-11).
-87
Let a(h) = -h**2 + 22*h - 6. Give a(22).
-6
Let w(j) = -2*j + 7. Determine w(11).
-15
Let g(r) = -r**3 - 6*r**2 - 9*r - 2. What is g(-3)?
-2
Let o(c) = 10*c + 14. Calculate o(-3).
-16
Let j(v) = -3*v + 36. Give j(14).
-6
Let o(x) = x**3 + 8*x**2 - 2*x - 6. Determine o(-8).
10
Let n(u) = u**2 + 22*u + 75. Give n(-4).
3
Let a(t) = 3*t + 9. Determine a(6).
27
Let v(j) = -j - 25. Determine v(-12).
-13
Let o(u) = 6*u + 86. Calculate o(-16).
-10
Let x(s) = 3*s + 11. Give x(-2).
5
Let i(q) = q + 4. Give i(-14).
-10
Let g(y) = -y**2 + 2*y + 8. Give g(4).
0
Let z(f) = -f**2 + 5*f + 199. What is z(-12)?
-5
Let q(n) = -n**3 - 6*n**2 + 27*n + 2. Give q(-9).
2
Let y(n) = -9*n + 4. Give y(-2).
22
Let t(g) = 37*g + 401. What is t(-11)?
-6
Let b(m) = -3*m - 56. Determine b(-24).
16
Let w(f) = -f**3 + 6*f**2 - 2*f + 12. Determine w(7).
-51
Let s(w) = w**2 + w + 113. What is s(0)?
113
Let s(f) = -f**2 - 12*f - 19. Determine s(-5).
16
Let f(s) = 4*s - 87. Calculate f(12).
-39
Let z(d) = 9*d - 120. Determine z(13).
-3
Let l(f) = -35*f**2 - f. Calculate l(1).
-36
Let l(b) = b**3 - 2*b**2 - 9*b + 5. What is l(5)?
35
Let p(l) = 4*l**2 + 3*l + 2. What is p(-1)?
3
Let a(j) = -10*j**2 + 12*j - 2. Give a(4).
-114
Let r(v) = v + 8. Give r(-2).
6
Let b(v) = 3*v - 1. Calculate b(-5).
-16
Let p(i) = i**3 + 28*i**2 - i - 50. Give p(-28).
-22
Let h(w) = -13*w - 1. What is h(-1)?
12
Let p(k) = k**2 + 10*k - 3. Give p(-8).
-19
Let w(t) = 2*t - 9. Calculate w(10).
11
Let d(t) = 2*t - 16. Calculate d(7).
-2
Let s(b) = -b**3 + 12*b**2 + 13*b - 6. Give s(13).
-6
Let u(p) = 11*p - 5. Calculate u(-13).
-148
Let o(c) = c**3 - 11*c**2 - 6*c - 1. Give o(12).
71
Let o(w) = -w**2 + 15*w - 56. Determine o(11).
-12
Let o(v) = 4*v - 3. Determine o(-2).
-11
Let a(u) = -u**2 - 9*u + 22. Determine a(-9).
22
Let t(s) = 18*s**2 + 4. What is t(2)?
76
Let d(n) = -n**3 + 6*n**2 - 7*n + 40. Determine d(6).
-2
Let y(b) = -b**3 - 8*b**2 - 2*b - 4. Determine y(-8).
12
Let b(x) = -x**2 - 16. What is b(0)?
-16
Let h(x) = x**3 + 8*x**2 + 13*x - 6. What is h(-5)?
4
Let s(a) = -2*a - 5. Give s(-3).
1
Let j(y) = y**2 - 7*y + 17. Give j(8).
25
Let d(x) = 21*x. Give d(-1).
-21
Let a(z) = 5*z - 17. Calculate a(4).
3
Let r(t) = 5*t - 90. Determine r(17).
-5
Let y(i) = -i**3 + 15*i**2 + 33*i + 44. Determine y(17).
27
Let s(k) = k**3 + 2*k**2 - k - 1. Give s(-1).
1
Let j(s) = 2*s. Give j(3).
6
Let a(p) = p**2 + 13*p + 73. Calculate a(-9).
37
Let p(j) = -j**2 + 18*j - 13. What is p(17)?
4
Let z(f) = -f**3 + 8*f**2 - 8*f + 8. Give z(6).
32
Let o(u) = -u**3 + 15*u**2 + 18*u - 37. What is o(16)?
-5
Let m(d) = 20*d - 5. Calculate m(3).
55
Let u(j) = 11*j**3 + j**2 + 6*j + 6. Give u(-1).
-10
Let t(m) = -m**2 + 16*m - 36. Determine t(4).
12
Let q(b) = -b**3 - 15*b**2 - 12*b - 5. Give q(-14).
-33
Let t(s) = -s**3 - 6*s**2 + 9*s + 8. Give t(-7).
-6
Let i(d) = d**3 - 7*d**2 - 25*d - 47. What is i(10)?
3
Let b(l) = -l**3 + 15*l**2 - 10*l + 23. Give b(14).
79
Let a(i) = -i**2 + 42*i - 221. What is a(36)?
-5
Let s(z) = z**2 - 3*z - 26. Calculate s(8).
14
Let u(m) = -28*m - 478. Determine u(-17).
-2
Let y(k) = -k**2 + 2*k + 26. Give y(6).
2
Let h(z) = -z**2 - 4*z + 1. Calculate h(-4).
1
Let t(l) = 3*l**2 + 94*l + 24. Calculate t(-31).
-7
Let q(l) = -l**2 - 14*l + 19. Give q(-15).
4
Let n(o) = -o**3 + 11*o**2 - 21*o - 16. Calculate n(8).
8
Let j(q) = -q**3 - 22*q**2 - 40*q + 7. What is j(-20)?
7
Let u(a) = 3*a**2 + 17*a + 23. Give u(-3).
-1
Let j(d) = -d**3 - 15*d**2 + 27*d - 114. Calculate j(-17).
5
Let f(q) = -q**2 + 17*q - 18. Give f(16).
-2
Let a(d) = -6*d + 83. Determine a(16).
-13
Let b(j) = 2*j**3 + j**2 - 10. Give b(0).
-10
Let p(m) = 3*m + 7. Calculate p(-9).
-20
Let x(g) = g - 5. What is x(9)?
4
Let h(r) = 7*r + 26. Calculate h(-3).
5
Let y(g) = -g**3 - 48*g**2 - 51*g - 181. Give y(-47).
7
Let j(y) = -y**3 + 9*y**2 + y + 8. What is j(9)?
17
Let m(v) = -4*v**2 - v - 1. Calculate m(-1).
-4
Let n(t) = -6*t + 34. Give n(8).
-14
Let b(w) = -19*w + 383. Determine b(20).
3
Let g(p) = -3*p**2 - 7*p - 2. Calculate g(-2).
0
Let q(t) = 117*t**3 - 3*t - 2. Determine q(-1).
-116
Let w(p) = -28*p + 86. Determine w(3).
2
Let a(x) = -3*x**2 + 19*x + 156. Give a(11).
2
Let p(v) = -v**3 + v**2 + 22*v + 11. Give p(-5).
51
Let h(m) = 14*m + 49. Calculate h(-6).
-35
Let r(i) = -i**3 + i**2 + 1. Calculate r(-2).
13
Let h(z) = -3*z - 27. Calculate h(-11).
6
Let r(j) = -j**2 - j + 48. Calculate r(-8).
-8
Let l(w) = -12*w**2 + 131*w - 9. What is l(11)?
-20
Let v(f) = -f**3 - 12*f**2 + 13*f - 6. Calculate v(-13).
-6
Let x(h) = -6*h + 20. Determine x(6).
-16
Let o(c) = -5*c + 3. Calculate o(6).
-27
Let q(w) = 12*w**2 - 37*w + 37. Calculate q(1).
12
Let u(m) = -2*m**2 + 3*m. Give u(-3).
-27
Let y(p) = p**3 - 20*p**2 - 20*p - 37. Determine y(21).
-16
Let d(r) = r**2 - 9*r + 10. Calculate d(7).
-4
Let c(a) = -a**2 - 13*a - 35. What is c(-8)?
5
Let n(m) = m**2 + 12*m + 17. Determine n(-10).
-3
Let z(k) = -k**2 + 15*k + 14. What is z(16)?
-2
Let j(v) = -7*v - 2. Calculate j(-4).
26
Let o(x) = 2*x - 8. Give o(0).
-8
Let m(h) = -h**2 + h - 5. Determine m(0).
-5
Let f(z) = -3*z**2 + 28*z + 7. Determine f(10).
-13
Let g(p) = -27*p + 184. Give g(8).
-32
Let v(r) = 3*r + 16. Calculate v(6).
34
Let b(p) = 5*p**3 + 5*p**2 + 7*p + 5. What is b(-2)?
-29
Let b